    {"id":1159,"date":"2023-09-11T10:20:13","date_gmt":"2023-09-11T08:20:13","guid":{"rendered":"https:\/\/dev.dignitas.bertastrasse1.ch\/verein-2\/testimonials\/"},"modified":"2025-12-02T16:41:17","modified_gmt":"2025-12-02T15:41:17","slug":"testimonianze","status":"publish","type":"page","link":"https:\/\/dignitas.ch\/it\/associazione\/testimonianze\/","title":{"rendered":"Testimonianze"},"content":{"rendered":"\n<p id=\"testimonianze-in-alto\"><\/p>\n\n\n\n<h4 class=\"wp-block-heading\">Parlano i membri<\/h4>\n\n\n\n<p>\u00abDIGNITAS \u00e8 il primo passo per liberarsi dalla fonte di tutte le paure.\u00bb<br><em>Costanzo Lenzi, Italia<\/em><\/p>\n\n\n\n<hr class=\"wp-block-separator has-alpha-channel-opacity\"\/>\n\n\n\n<p>\u00abAderii a DIGNITAS appena venni a conoscenza della sua esistenza. Infatti mi sembra ovvio che, come uno ha il diritto di conservare la propria vita, cos\u00ec dovrebbe anche avere il diritto di rinunziarvi qualora ritenga che non valga pi\u00f9 la pena di viverla. Si tratta quindi soprattutto di una questione di principio, e prevedo che ben difficilmente ricorrer\u00f2 in futuro al suicidio assistito, poich\u00e9 sento un grandissimo attaccamento alla vita.\u00bb<br><em>Carlo Consiglio, Italia<\/em><\/p>\n\n\n\n<hr class=\"wp-block-separator has-alpha-channel-opacity\"\/>\n\n\n\n<p>\u00abHo apprezzato molte cose di DIGNITAS. Mi piace il carattere liberale dell&#8217;iniziativa, aperta anche a chi, come me, non \u00e9 cittadino svizzero. Mi sono piaciute le persone che ho avuto l&#8217;onore di incontrare e che reputo persone chiare e trasparenti. Mi piace il vostro sforzo di comunicare anche in una lingua diversa, appunto l&#8217;italiano.<\/p>\n\n\n\n<p>Credo che la legge penale di un qualsiasi stato debba vietare i comportamenti criminali, ma non debba comprimere inutilmente e ingiustamente la libert\u00e0 di scelta dei singoli individui, soprattutto nei grandi temi della vita e della morte.<\/p>\n\n\n\n<p>Il vostro impegno \u00e9 dunque un impegno di civilt\u00e0, un estremo scudo contro il fondamentalismo confessionale.\u00bb<br><em>Domenico Albarani, Italia<\/em><\/p>\n\n\n\n<hr class=\"wp-block-separator has-alpha-channel-opacity\"\/>\n\n\n\n<p>\u00abDopo vent\u2019anni di attivit\u00e0, la lungimiranza di chi ha fondato DIGNITAS \u00e8 ormai premiata, a livello europeo, dai fatti. Sono lieta di aver potuto contribuire in tutti questi anni, anche se solo in termini microscopici, a questo progetto etico e di grande umanit\u00e0.\u00bb<br><em>Antonia Lunati, Italia<\/em><\/p>\n\n\n\n<hr class=\"wp-block-separator has-alpha-channel-opacity\"\/>\n\n\n\n<p>\u00abLa mia adesione a DIGNITAS mi ha gi\u00e0 donato 20 anni di serenit\u00e0, nella consapevolezza di sapere che, in caso di bisogno, ho un appiglio a cui aggrapparmi per non precipitare in un abisso senza fondo.\u00bb<br><em>P.F., Italia<\/em><\/p>\n\n\n\n<hr class=\"wp-block-separator has-alpha-channel-opacity\"\/>\n\n\n\n<p>\u00abMi sono iscritta e intendo continuare a sostenere la vostra iniziativa, perch\u00e9 la ritengo preziosa per affermare la completa libert\u00e0 di ognuno di morire quando la sua vita non gli pare piu degna di essere vissuta, per ragioni fisiche o psicologiche. Vi sono enormemente grata di esistere perch\u00e9 so che avete aiutato molti a partire \u00abfelici\u00bb anche perch\u00e9 appoggiati aiutati e consolati da altri esseri umani senza essere costretti a provvedere da soli in modo squallido o difficile o terribile. Vi sono grata anche perch\u00e9 passo una vecchiaia tranquilla in quanto sicura che ci sarete, in caso di necessit\u00e0, anche per me. Se ne avr\u00f2 bisogno verr\u00f2 da voi sorridendo, come da amici che conosco da tanto, di cui condivido il pensiero, e apprezzo l\u2019umanit\u00e0 e il coraggio. Da quando ho saputo della vostra esistenza tanti anni fa, non ho pi\u00f9 paura. So che ci siete e forse mi aspettate.\u00bb<br><em>Donata Kalliany, Italia<\/em><\/p>\n\n\n\n<hr class=\"wp-block-separator has-alpha-channel-opacity\"\/>\n\n\n\n<p>\u00abDIGNITAS significa SPERANZA. Speranza in una fine dignitosa, e di non essere sottoposto al supplizio di uno spettacolo indegno e doloroso per tutti. E di non \u00abrubare\u00bb la vita agli altri, obbligandoli ad assisterci. Ci\u00f2 che fa Dignitas \u00e8 vera misericordia. Questa \u00e8 carit\u00e0 cristiana. Grazie DIGNITAS.\u00bb<br><em>Rosalba Saluzzo, Italia<\/em><\/p>\n\n\n\n<p class=\"has-small-font-size\"><em><a href=\"#testimonianze-in-alto\" class=\"ek-link\">in alto<\/a><\/em><\/p>\n","protected":false},"excerpt":{"rendered":"<p>Parlano i membri \u00abDIGNITAS \u00e8 il primo passo per liberarsi dalla fonte di tutte le paure.\u00bbCostanzo Lenzi, Italia \u00abAderii a DIGNITAS appena venni a conoscenza della sua esistenza. Infatti mi sembra ovvio che, come uno ha il diritto di conservare la propria vita, cos\u00ec dovrebbe anche avere il diritto di rinunziarvi qualora ritenga che non [&hellip;]<\/p>\n","protected":false},"author":1,"featured_media":0,"parent":296,"menu_order":0,"comment_status":"closed","ping_status":"closed","template":"","meta":{"_acf_changed":false,"_editorskit_title_hidden":false,"_editorskit_reading_time":0,"_editorskit_is_block_options_detached":false,"_editorskit_block_options_position":"{}","footnotes":""},"class_list":["post-1159","page","type-page","status-publish","hentry"],"acf":[],"_links":{"self":[{"href":"https:\/\/dignitas.ch\/it\/wp-json\/wp\/v2\/pages\/1159","targetHints":{"allow":["GET"]}}],"collection":[{"href":"https:\/\/dignitas.ch\/it\/wp-json\/wp\/v2\/pages"}],"about":[{"href":"https:\/\/dignitas.ch\/it\/wp-json\/wp\/v2\/types\/page"}],"author":[{"embeddable":true,"href":"https:\/\/dignitas.ch\/it\/wp-json\/wp\/v2\/users\/1"}],"replies":[{"embeddable":true,"href":"https:\/\/dignitas.ch\/it\/wp-json\/wp\/v2\/comments?post=1159"}],"version-history":[{"count":6,"href":"https:\/\/dignitas.ch\/it\/wp-json\/wp\/v2\/pages\/1159\/revisions"}],"predecessor-version":[{"id":10694,"href":"https:\/\/dignitas.ch\/it\/wp-json\/wp\/v2\/pages\/1159\/revisions\/10694"}],"up":[{"embeddable":true,"href":"https:\/\/dignitas.ch\/it\/wp-json\/wp\/v2\/pages\/296"}],"wp:attachment":[{"href":"https:\/\/dignitas.ch\/it\/wp-json\/wp\/v2\/media?parent=1159"}],"curies":[{"name":"wp","href":"https:\/\/api.w.org\/{rel}","templated":true}]}}

<p id="testimonianze-in-alto"></p>



<h4 class="wp-block-heading">Parlano i membri</h4>



<p>«DIGNITAS è il primo passo per liberarsi dalla fonte di tutte le paure.»<br><em>Costanzo Lenzi, Italia</em></p>



<hr class="wp-block-separator has-alpha-channel-opacity"/>



<p>«Aderii a DIGNITAS appena venni a conoscenza della sua esistenza. Infatti mi sembra ovvio che, come uno ha il diritto di conservare la propria vita, così dovrebbe anche avere il diritto di rinunziarvi qualora ritenga che non valga più la pena di viverla. Si tratta quindi soprattutto di una questione di principio, e prevedo che ben difficilmente ricorrerò in futuro al suicidio assistito, poiché sento un grandissimo attaccamento alla vita.»<br><em>Carlo Consiglio, Italia</em></p>



<hr class="wp-block-separator has-alpha-channel-opacity"/>



<p>«Ho apprezzato molte cose di DIGNITAS. Mi piace il carattere liberale dell&#8217;iniziativa, aperta anche a chi, come me, non é cittadino svizzero. Mi sono piaciute le persone che ho avuto l&#8217;onore di incontrare e che reputo persone chiare e trasparenti. Mi piace il vostro sforzo di comunicare anche in una lingua diversa, appunto l&#8217;italiano.</p>



<p>Credo che la legge penale di un qualsiasi stato debba vietare i comportamenti criminali, ma non debba comprimere inutilmente e ingiustamente la libertà di scelta dei singoli individui, soprattutto nei grandi temi della vita e della morte.</p>



<p>Il vostro impegno é dunque un impegno di civiltà, un estremo scudo contro il fondamentalismo confessionale.»<br><em>Domenico Albarani, Italia</em></p>



<hr class="wp-block-separator has-alpha-channel-opacity"/>



<p>«Dopo vent’anni di attività, la lungimiranza di chi ha fondato DIGNITAS è ormai premiata, a livello europeo, dai fatti. Sono lieta di aver potuto contribuire in tutti questi anni, anche se solo in termini microscopici, a questo progetto etico e di grande umanità.»<br><em>Antonia Lunati, Italia</em></p>



<hr class="wp-block-separator has-alpha-channel-opacity"/>



<p>«La mia adesione a DIGNITAS mi ha già donato 20 anni di serenità, nella consapevolezza di sapere che, in caso di bisogno, ho un appiglio a cui aggrapparmi per non precipitare in un abisso senza fondo.»<br><em>P.F., Italia</em></p>



<hr class="wp-block-separator has-alpha-channel-opacity"/>



<p>«Mi sono iscritta e intendo continuare a sostenere la vostra iniziativa, perché la ritengo preziosa per affermare la completa libertà di ognuno di morire quando la sua vita non gli pare piu degna di essere vissuta, per ragioni fisiche o psicologiche. Vi sono enormemente grata di esistere perché so che avete aiutato molti a partire «felici» anche perché appoggiati aiutati e consolati da altri esseri umani senza essere costretti a provvedere da soli in modo squallido o difficile o terribile. Vi sono grata anche perché passo una vecchiaia tranquilla in quanto sicura che ci sarete, in caso di necessità, anche per me. Se ne avrò bisogno verrò da voi sorridendo, come da amici che conosco da tanto, di cui condivido il pensiero, e apprezzo l’umanità e il coraggio. Da quando ho saputo della vostra esistenza tanti anni fa, non ho più paura. So che ci siete e forse mi aspettate.»<br><em>Donata Kalliany, Italia</em></p>



<hr class="wp-block-separator has-alpha-channel-opacity"/>



<p>«DIGNITAS significa SPERANZA. Speranza in una fine dignitosa, e di non essere sottoposto al supplizio di uno spettacolo indegno e doloroso per tutti. E di non «rubare» la vita agli altri, obbligandoli ad assisterci. Ciò che fa Dignitas è vera misericordia. Questa è carità cristiana. Grazie DIGNITAS.»<br><em>Rosalba Saluzzo, Italia</em></p>



<p class="has-small-font-size"><em><a href="#testimonianze-in-alto" class="ek-link">in alto</a></em></p>

<p>Parlano i membri «DIGNITAS è il primo passo per liberarsi dalla fonte di tutte le paure.»Costanzo Lenzi, Italia «Aderii a DIGNITAS appena venni a conoscenza della sua esistenza. Infatti mi sembra ovvio che, come uno ha il diritto di conservare la propria vita, così dovrebbe anche avere il diritto di rinunziarvi qualora ritenga che non [&hellip;]</p>
